 221911817 composite?
True
Is 1193399 a prime number?
True
Is 94430353 prime?
True
Is 329753 a prime number?
False
Is 18720901 composite?
False
Is 29687611 a composite number?
True
Is 152428589 prime?
True
Is 20898203 a composite number?
False
Is 4186081 prime?
False
Is 49014197 a composite number?
True
Is 148661 composite?
True
Is 9299861 a prime number?
True
Is 1465817 composite?
True
Is 31770713 prime?
False
Is 2179183 a prime number?
False
Is 1357365701 prime?
True
Is 12765203 composite?
True
Is 243581194 a prime number?
False
Is 1986074 a composite number?
True
Is 9812993 composite?
False
Is 2943079 a composite number?
False
Is 85853563 composite?
False
Is 139507154 a composite number?
True
Is 20876753 composite?
True
Is 76798733 prime?
False
Is 47909639 a prime number?
False
Is 1411913 a prime number?
False
Is 7896839 composite?
True
Is 148279699 a composite number?
False
Is 7856011 composite?
False
Is 124347955 a prime number?
False
Is 39390661 a composite number?
True
Is 21856189 prime?
True
Is 28977233 a composite number?
False
Is 18360869 prime?
True
Is 941573 composite?
False
Is 95088029 a prime number?
False
Is 100822307 a prime number?
False
Is 25741487 a composite number?
False
Is 273793961 a composite number?
True
Is 563723 prime?
True
Is 115201013 a prime number?
True
Is 57353833 a composite number?
False
Is 374201999 a composite number?
True
Is 2525311 composite?
True
Is 16710689 a prime number?
True
Is 233441 a prime number?
False
Is 647321 a composite number?
False
Is 1554521 prime?
True
Is 96572341 prime?
False
Is 14894147 prime?
False
Is 128911 a composite number?
True
Is 1074305759 a prime number?
False
Is 323597537 prime?
True
Is 1715971 prime?
True
Is 267608721 a composite number?
True
Is 428221 composite?
False
Is 45238997 prime?
True
Is 12560213 composite?
True
Is 141609437 composite?
False
Is 496572589 composite?
True
Is 7074931 prime?
True
Is 9700473 prime?
False
Is 38823041 composite?
False
Is 2010553 composite?
False
Is 4350251 composite?
False
Is 13308241 a prime number?
True
Is 2204341 a prime number?
True
Is 314423 composite?
False
Is 1754719 prime?
False
Is 39068819 prime?
True
Is 156101657 prime?
True
Is 28884367 composite?
True
Is 86522327 a composite number?
True
Is 642397 a composite number?
True
Is 4161221 composite?
False
Is 2059537 composite?
False
Is 118125943 prime?
False
Is 2660819 a composite number?
True
Is 2529823 composite?
True
Is 21517283 prime?
True
Is 14731819 prime?
False
Is 9076297 a prime number?
True
Is 64087453 composite?
True
Is 32043631 a prime number?
False
Is 46383289 prime?
True
Is 41826833 prime?
False
Is 35238793 prime?
True
Is 8501621 a prime number?
False
Is 565963 composite?
True
Is 22544957 prime?
False
Is 2897087 a composite number?
False
Is 91373251 composite?
False
Is 65066201 a prime number?
True
Is 5439569 prime?
False
Is 532367105 a composite number?
True
Is 1044971 prime?
True
Is 2799283 a composite number?
True
Is 1945121 a prime number?
True
Is 19028651 composite?
True
Is 47266178 prime?
False
Is 107296879 a composite number?
False
Is 12917023 a composite number?
True
Is 2306533 a composite number?
True
Is 686617 a composite number?
True
Is 45068347 a composite number?
True
Is 31549117 prime?
True
Is 63329579 a prime number?
False
Is 7560577 composite?
True
Is 51174889 composite?
True
Is 12980005 a prime number?
False
Is 1903229 composite?
False
Is 77063507 prime?
True
Is 19308263 a composite number?
True
Is 48624541 composite?
True
Is 1527953 a prime number?
False
Is 1224077781 composite?
True
Is 6876071 composite?
False
Is 23940001 prime?
False
Is 4832581 a composite number?
True
Is 3905851 composite?
True
Is 2766511 a composite number?
True
Is 12689 prime?
True
Is 2008159 prime?
False
Is 68825123 composite?
False
Is 59002 a prime number?
False
Is 2529881 a prime number?
True
Is 28881571 prime?
False
Is 123293977 composite?
False
Is 546139457 a prime number?
True
Is 4915811 prime?
False
Is 253959509 prime?
True
Is 55246333 composite?
True
Is 208415273 prime?
False
Is 262165 a composite number?
True
Is 182716645 prime?
False
Is 2687966 composite?
True
Is 6779321 a composite number?
False
Is 3120035 a composite number?
True
Is 2425541 prime?
True
Is 1548713 a composite number?
True
Is 15216163 a prime number?
True
Is 26720101 a prime number?
False
Is 262828099 a composite number?
False
Is 7612897 prime?
True
Is 7585823 composite?
True
Is 696697733 prime?
False
Is 504916417 a composite number?
False
Is 24392177 prime?
True
Is 2344453 a composite number?
True
Is 45597581 composite?
False
Is 157489939 a composite number?
True
Is 1852363 a prime number?
True
Is 187337 composite?
False
Is 60308539 a prime number?
True
Is 16913947 prime?
False
Is 70265683 composite?
True
Is 2032427 composite?
True
Is 161115323 a prime number?
True
Is 23728153 composite?
True
Is 3693527 a composite number?
True
Is 36184567 composite?
True
Is 3344261 prime?
True
Is 174611705 prime?
False
Is 2648977 a composite number?
True
Is 2585131 composite?
True
Is 41767357 a composite number?
False
Is 80613623 prime?
True
Is 1637689 a composite number?
True
Is 1477 composite?
True
Is 2761177 composite?
True
Is 4541477 composite?
False
Is 8401397 prime?
True
Is 20086631 a composite number?
False
Is 23389507 a composite number?
False
Is 57205667 a prime number?
True
Is 3054989 a composite number?
True
Is 368314249 prime?
False
Is 2673257 composite?
False
Is 161559091 a prime number?
False
Is 95973967 a prime number?
False
Is 1139423 prime?
True
Is 339228787 a composite number?
False
Is 11415473 a prime number?
False
Is 55259801 prime?
True
Is 11017561 a composite number?
True
Is 856493 composite?
True
Is 30476339 prime?
False
Is 3342149 a composite number?
True
Is 8827453 a composite number?
True
Is 1153407 prime?
False
Is 7024631 composite?
True
Is 506417 prime?
True
Is 7465306 a composite number?
True
Is 76128199 a prime number?
False
Is 33351347 a composite number?
False
Is 97761211 composite?
False
Is 78879093 a prime number?
False
Is 341489 a composite number?
True
Is 2640097 a prime number?
False
Is 5737307 a composite number?
True
Is 186234049 a composite number?
False
Is 5110709 prime?
True
Is 4228177 prime?
True
Is 42878831 a composite number?
True
Is 649911935 composite?
True
Is 2994815 a prime number?
False
Is 24534011 a prime number?
False
Is 8371595 a prime number?
False
Is 19062691 prime?
True
Is 39657419 composite?
False
Is 128184179 a prime number?
True
Is 4677206 composite?
True
Is 8142454 a prime number?
False
Is 4022197 a prime number?
True
Is 8074277 a composite number?
False
Is 186179755 composite?
True
Is 26033407 prime?
False
Is 563003 composite?
True
Is 27773531 composite?
False
Is 252079 prime?
True
Is 2277061 prime?
True
Is 20805199 composite?
False
Is 38440747 composite?
True
Is 116472919 composite?
False
Is 370110341 a prime number?
True
Is 11048977 prime?
False
Is 216431 a composite number?
False
Is 20929331 a composite number?
False
Is 1482163 composite?
False
Is 19821687 composite?
True
Is 5279177 a composite number?
False
Is 8324143 prime?
True
Is 2620285 a composite number?
True
Is 523591 a composite number?
True
Is 10356283 composite?
True
Is 219683771 a prime number?
False
Is 12725337 a prime number?
False
Is 1708027 composite?
True
Is 1466747 composite?
False
Is 10347523 prime?
False
Is 6599851 a prime number?
False
Is 498877 a composite number?
True
Is 2395157 a composite number?
False
Is 67773599 prime?
True
Is 81191399 prime?
True
Is 95197649 a composite number?
False
Is 331378669 composite?
True
Is 346338599 a prime number?
False
Is 547719371 a composite number?
False
Is 436716391 composite?
True
Is 5339081 composite?
True
Is 90996337 a composite number?
False
Is 2054411 a prime number?
False
Is 67421537 composite?
False
Is 447143 composite?
True
Is 8803759 composite?
False
Is 778034197 a prime number?
True
Is 225333701 a composite number?
True
Is 7397851 a composite number?
False
Is 6065329 prime?
True
Is 3111227 a composite number?
True
Is 1883611 a prime number?
True
Is 61808809 a composite number?
True
Is 21198503 composite?
False
Is 16115311 composite?
False
Is 2626583 a composite number?
True
Is 11981 a prime number?
True
Is 6512563 prime?
False
Is 4047457